{"id":16,"date":"2017-10-19T15:43:10","date_gmt":"2017-10-19T17:43:10","guid":{"rendered":"http:\/\/cephas.org.br\/paraaprovacao2017\/?page_id=16"},"modified":"2024-10-29T10:00:58","modified_gmt":"2024-10-29T13:00:58","slug":"16-2","status":"publish","type":"page","link":"https:\/\/cephas.org.br\/index.php\/16-2\/","title":{"rendered":"Conhe\u00e7a o Cephas"},"content":{"rendered":"<p>O CEPHAS \u2013 Col\u00e9gio de Educa\u00e7\u00e3o Profissional H\u00e9lio Augusto \u00e9 uma institui\u00e7\u00e3o educacional implantada em S\u00e3o Jos\u00e9 dos Campos, a partir de conv\u00eanio entre os governos federal e municipal atrav\u00e9s do PROEP\/MEC (Programa de Expans\u00e3o da Educa\u00e7\u00e3o Profissional do Minist\u00e9rio da Educa\u00e7\u00e3o). Mantido pela Prefeitura Municipal atrav\u00e9s da FUNDHAS \u2013 Funda\u00e7\u00e3o H\u00e9lio Augusto de Souza, tem como finalidade oferecer educa\u00e7\u00e3o profissional atrav\u00e9s de cursos de forma\u00e7\u00e3o inicial e continuada, programa de aprendizagem profissional e de cursos t\u00e9cnicos de n\u00edvel m\u00e9dio, de acordo com a LDB 9394\/96.<\/p>\n<p>Atualmente o CEPHAS atende em torno de 400 jovens no programa de aprendizagem e mais de 800 alunos em cursos t\u00e9cnicos.<\/p>\n\n\n<h2 class=\"wp-block-heading\">Nossos cursos t\u00e9cnicos:<\/h2>\n\n\n\n<p class=\"has-small-font-size\"><\/p>\n\n\n\n<div class=\"wp-block-columns has-2-columns is-layout-flex wp-container-core-columns-is-layout-9d6595d7 wp-block-columns-is-layout-flex\">\n<div class=\"wp-block-column is-layout-flow wp-block-column-is-layout-flow\">\n<figure class=\"wp-block-image\"><a href=\"http:\/\/cephas.org.br\/wp-content\/uploads\/2023\/08\/E-Book_Cursos_Administracao.pdf\" target=\"_blank\" rel=\"noreferrer noopener\"><img fetchpriority=\"high\" decoding=\"async\" width=\"1024\" height=\"206\" src=\"http:\/\/cephas.org.br\/wp-content\/uploads\/2019\/10\/ADM-1-1024x206.jpg\" alt=\"\" class=\"wp-image-815\" srcset=\"https:\/\/cephas.org.br\/wp-content\/uploads\/2019\/10\/ADM-1-1024x206.jpg 1024w, https:\/\/cephas.org.br\/wp-content\/uploads\/2019\/10\/ADM-1-300x60.jpg 300w, https:\/\/cephas.org.br\/wp-content\/uploads\/2019\/10\/ADM-1-768x155.jpg 768w\" sizes=\"(max-width: 1024px) 100vw, 1024px\" \/><\/a><\/figure>\n<\/div>\n\n\n\n<div class=\"wp-block-column is-layout-flow wp-block-column-is-layout-flow\">\n<figure class=\"wp-block-image\"><a href=\"http:\/\/cephas.org.br\/wp-content\/uploads\/2023\/08\/E-Book_Cursos_Edificacoes.pdf\" target=\"_blank\" rel=\"noreferrer noopener\"><img decoding=\"async\" width=\"1024\" height=\"206\" src=\"http:\/\/cephas.org.br\/wp-content\/uploads\/2019\/10\/2-EDI-min-1024x206.jpg\" alt=\"\" class=\"wp-image-808\" srcset=\"https:\/\/cephas.org.br\/wp-content\/uploads\/2019\/10\/2-EDI-min-1024x206.jpg 1024w, https:\/\/cephas.org.br\/wp-content\/uploads\/2019\/10\/2-EDI-min-300x60.jpg 300w, https:\/\/cephas.org.br\/wp-content\/uploads\/2019\/10\/2-EDI-min-768x155.jpg 768w\" sizes=\"(max-width: 1024px) 100vw, 1024px\" \/><\/a><\/figure>\n<\/div>\n<\/div>\n\n\n\n<div class=\"wp-block-columns has-2-columns is-layout-flex wp-container-core-columns-is-layout-9d6595d7 wp-block-columns-is-layout-flex\">\n<div class=\"wp-block-column is-layout-flow wp-block-column-is-layout-flow\">\n<figure class=\"wp-block-image\"><a href=\"http:\/\/cephas.org.br\/wp-content\/uploads\/2023\/08\/E-Book_Cursos_Enfermagem.pdf\" target=\"_blank\" rel=\"noreferrer noopener\"><img decoding=\"async\" width=\"1024\" height=\"206\" src=\"http:\/\/cephas.org.br\/wp-content\/uploads\/2019\/10\/2-ENF-min-1024x206.jpg\" alt=\"\" class=\"wp-image-810\" srcset=\"https:\/\/cephas.org.br\/wp-content\/uploads\/2019\/10\/2-ENF-min-1024x206.jpg 1024w, https:\/\/cephas.org.br\/wp-content\/uploads\/2019\/10\/2-ENF-min-300x60.jpg 300w, https:\/\/cephas.org.br\/wp-content\/uploads\/2019\/10\/2-ENF-min-768x155.jpg 768w\" sizes=\"(max-width: 1024px) 100vw, 1024px\" \/><\/a><\/figure>\n<\/div>\n\n\n\n<div class=\"wp-block-column is-layout-flow wp-block-column-is-layout-flow\">\n<figure class=\"wp-block-image\"><a href=\"http:\/\/cephas.org.br\/wp-content\/uploads\/2023\/08\/E-Book_Cursos_Eletronicapdf.pdf\" target=\"_blank\" rel=\"noreferrer noopener\"><img loading=\"lazy\" decoding=\"async\" width=\"1024\" height=\"206\" src=\"http:\/\/cephas.org.br\/wp-content\/uploads\/2019\/10\/2-ELE-min-1024x206.jpg\" alt=\"\" class=\"wp-image-809\" srcset=\"https:\/\/cephas.org.br\/wp-content\/uploads\/2019\/10\/2-ELE-min-1024x206.jpg 1024w, https:\/\/cephas.org.br\/wp-content\/uploads\/2019\/10\/2-ELE-min-300x60.jpg 300w, https:\/\/cephas.org.br\/wp-content\/uploads\/2019\/10\/2-ELE-min-768x155.jpg 768w\" sizes=\"(max-width: 1024px) 100vw, 1024px\" \/><\/a><\/figure>\n<\/div>\n<\/div>\n\n\n\n<div class=\"wp-block-columns has-2-columns is-layout-flex wp-container-core-columns-is-layout-9d6595d7 wp-block-columns-is-layout-flex\">\n<div class=\"wp-block-column is-layout-flow wp-block-column-is-layout-flow\">\n<figure class=\"wp-block-image\"><a href=\"http:\/\/cephas.org.br\/wp-content\/uploads\/2023\/08\/E-Book_Cursos_Hospedagem.pdf\" target=\"_blank\" rel=\"noreferrer noopener\"><img loading=\"lazy\" decoding=\"async\" width=\"1024\" height=\"206\" src=\"http:\/\/cephas.org.br\/wp-content\/uploads\/2019\/10\/2-HOS-min-1024x206.jpg\" alt=\"\" class=\"wp-image-811\" srcset=\"https:\/\/cephas.org.br\/wp-content\/uploads\/2019\/10\/2-HOS-min-1024x206.jpg 1024w, https:\/\/cephas.org.br\/wp-content\/uploads\/2019\/10\/2-HOS-min-300x60.jpg 300w, https:\/\/cephas.org.br\/wp-content\/uploads\/2019\/10\/2-HOS-min-768x155.jpg 768w\" sizes=\"(max-width: 1024px) 100vw, 1024px\" \/><\/a><\/figure>\n<\/div>\n\n\n\n<div class=\"wp-block-column is-layout-flow wp-block-column-is-layout-flow\">\n<figure class=\"wp-block-image\"><a href=\"http:\/\/cephas.org.br\/wp-content\/uploads\/2023\/08\/E-Book_Cursos_Mecanica_Aeronaves-Motoprop.pdf\" target=\"_blank\" rel=\"noreferrer noopener\"><img loading=\"lazy\" decoding=\"async\" width=\"1024\" height=\"206\" src=\"http:\/\/cephas.org.br\/wp-content\/uploads\/2019\/10\/2-MMAM-min-1024x206.jpg\" alt=\"\" class=\"wp-image-814\" srcset=\"https:\/\/cephas.org.br\/wp-content\/uploads\/2019\/10\/2-MMAM-min-1024x206.jpg 1024w, https:\/\/cephas.org.br\/wp-content\/uploads\/2019\/10\/2-MMAM-min-300x60.jpg 300w, https:\/\/cephas.org.br\/wp-content\/uploads\/2019\/10\/2-MMAM-min-768x155.jpg 768w\" sizes=\"(max-width: 1024px) 100vw, 1024px\" \/><\/a><\/figure>\n<\/div>\n<\/div>\n\n\n\n<div class=\"wp-block-columns has-2-columns is-layout-flex wp-container-core-columns-is-layout-9d6595d7 wp-block-columns-is-layout-flex\">\n<div class=\"wp-block-column is-layout-flow wp-block-column-is-layout-flow\">\n<figure class=\"wp-block-image\"><a href=\"http:\/\/cephas.org.br\/wp-content\/uploads\/2023\/08\/E-Book_Cursos_Mecanica_Aeronaves.pdf\" target=\"_blank\" rel=\"noreferrer noopener\"><img loading=\"lazy\" decoding=\"async\" width=\"1024\" height=\"206\" src=\"http:\/\/cephas.org.br\/wp-content\/uploads\/2019\/10\/2-MMAC-min-1024x206.jpg\" alt=\"\" class=\"wp-image-813\" srcset=\"https:\/\/cephas.org.br\/wp-content\/uploads\/2019\/10\/2-MMAC-min-1024x206.jpg 1024w, https:\/\/cephas.org.br\/wp-content\/uploads\/2019\/10\/2-MMAC-min-300x60.jpg 300w, https:\/\/cephas.org.br\/wp-content\/uploads\/2019\/10\/2-MMAC-min-768x155.jpg 768w\" sizes=\"(max-width: 1024px) 100vw, 1024px\" \/><\/a><\/figure>\n\n\n\n<p><\/p>\n<\/div>\n\n\n\n<div class=\"wp-block-column is-layout-flow wp-block-column-is-layout-flow\">\n<figure class=\"wp-block-image\"><a href=\"http:\/\/cephas.org.br\/wp-content\/uploads\/2023\/08\/E-Book_Cursos_Mecanica.pdf\" target=\"_blank\" rel=\"noreferrer noopener\"><img loading=\"lazy\" decoding=\"async\" width=\"1024\" height=\"206\" src=\"http:\/\/cephas.org.br\/wp-content\/uploads\/2019\/10\/2-MEC-min-1024x206.jpg\" alt=\"\" class=\"wp-image-812\" srcset=\"https:\/\/cephas.org.br\/wp-content\/uploads\/2019\/10\/2-MEC-min-1024x206.jpg 1024w, https:\/\/cephas.org.br\/wp-content\/uploads\/2019\/10\/2-MEC-min-300x60.jpg 300w, https:\/\/cephas.org.br\/wp-content\/uploads\/2019\/10\/2-MEC-min-768x155.jpg 768w\" sizes=\"(max-width: 1024px) 100vw, 1024px\" \/><\/a><\/figure>\n<\/div>\n<\/div>\n\n\n\n<div class=\"wp-block-columns has-2-columns is-layout-flex wp-container-core-columns-is-layout-9d6595d7 wp-block-columns-is-layout-flex\">\n<div class=\"wp-block-column is-layout-flow wp-block-column-is-layout-flow\">\n<figure class=\"wp-block-image\"><a href=\"http:\/\/cephas.org.br\/wp-content\/uploads\/2023\/08\/E-Book_Cursos_Quimica.pdf\" target=\"_blank\" rel=\"noreferrer noopener\"><img loading=\"lazy\" decoding=\"async\" width=\"1024\" height=\"206\" src=\"http:\/\/cephas.org.br\/wp-content\/uploads\/2019\/10\/2-QUI-min-1024x206.jpg\" alt=\"\" class=\"wp-image-806\" srcset=\"https:\/\/cephas.org.br\/wp-content\/uploads\/2019\/10\/2-QUI-min-1024x206.jpg 1024w, https:\/\/cephas.org.br\/wp-content\/uploads\/2019\/10\/2-QUI-min-300x60.jpg 300w, https:\/\/cephas.org.br\/wp-content\/uploads\/2019\/10\/2-QUI-min-768x155.jpg 768w\" sizes=\"(max-width: 1024px) 100vw, 1024px\" \/><\/a><\/figure>\n<\/div>\n\n\n\n<div class=\"wp-block-column is-layout-flow wp-block-column-is-layout-flow\">\n<figure class=\"wp-block-image size-large is-resized\"><a href=\"http:\/\/cephas.org.br\/wp-content\/uploads\/2023\/08\/E-Book_Cursos_Comercio.pdf\" target=\"_blank\" rel=\"noreferrer noopener\"><img loading=\"lazy\" decoding=\"async\" width=\"686\" height=\"131\" src=\"http:\/\/cephas.org.br\/wp-content\/uploads\/2021\/05\/Curso-Comercio-Botao-Inicial.png\" alt=\"\" class=\"wp-image-2234\" style=\"aspect-ratio:5.233576642335766;width:465px;height:auto\" srcset=\"https:\/\/cephas.org.br\/wp-content\/uploads\/2021\/05\/Curso-Comercio-Botao-Inicial.png 686w, https:\/\/cephas.org.br\/wp-content\/uploads\/2021\/05\/Curso-Comercio-Botao-Inicial-300x57.png 300w\" sizes=\"(max-width: 686px) 100vw, 686px\" \/><\/a><\/figure>\n<\/div>\n<\/div>\n\n\n\n<div class=\"wp-block-columns is-layout-flex wp-container-core-columns-is-layout-9d6595d7 wp-block-columns-is-layout-flex\">\n<div class=\"wp-block-column is-layout-flow wp-block-column-is-layout-flow\">\n<figure class=\"wp-block-image size-full\"><a href=\"http:\/\/cephas.org.br\/wp-content\/uploads\/2023\/08\/E-Book_Cursos_Eventos.pdf\" target=\"_blank\" rel=\"noreferrer noopener\"><img loading=\"lazy\" decoding=\"async\" width=\"525\" height=\"107\" src=\"http:\/\/cephas.org.br\/wp-content\/uploads\/2023\/03\/VESTIBULINHO-2023-2-SITE-EVENTOS.png\" alt=\"\" class=\"wp-image-3288\" srcset=\"https:\/\/cephas.org.br\/wp-content\/uploads\/2023\/03\/VESTIBULINHO-2023-2-SITE-EVENTOS.png 525w, https:\/\/cephas.org.br\/wp-content\/uploads\/2023\/03\/VESTIBULINHO-2023-2-SITE-EVENTOS-300x61.png 300w\" sizes=\"(max-width: 525px) 100vw, 525px\" \/><\/a><\/figure>\n<\/div>\n\n\n\n<div class=\"wp-block-column is-layout-flow wp-block-column-is-layout-flow\"><\/div>\n<\/div>\n\n\n<h2>Localiza\u00e7\u00e3o<\/h2>\n<p style=\"text-align: center;\"><iframe style=\"border: 0;\" src=\"https:\/\/www.google.com\/maps\/embed?pb=!1m18!1m12!1m3!1d3666.5778202708125!2d-45.88922628448335!3d-23.222051484852454!2m3!1f0!2f0!3f0!3m2!1i1024!2i768!4f13.1!3m3!1m2!1s0x94cc4a92857e34f3%3A0xb6a028da3bb1b87!2sCEPHAS!5e0!3m2!1spt-BR!2sbr!4v1506361893610\" width=\"600\" height=\"450\" frameborder=\"0\" allowfullscreen=\"allowfullscreen\"><\/iframe><\/p>","protected":false},"excerpt":{"rendered":"<p>O CEPHAS \u2013 Col\u00e9gio de Educa\u00e7\u00e3o Profissional H\u00e9lio Augusto \u00e9 uma institui\u00e7\u00e3o educacional implantada em S\u00e3o Jos\u00e9 dos Campos, a partir de conv\u00eanio entre os governos federal e municipal atrav\u00e9s do PROEP\/MEC (Programa de Expans\u00e3o da Educa\u00e7\u00e3o Profissional do Minist\u00e9rio da Educa\u00e7\u00e3o). Mantido pela Prefeitura Municipal atrav\u00e9s da FUNDHAS \u2013 Funda\u00e7\u00e3o H\u00e9lio Augusto de Souza, [&hellip;]<\/p>\n","protected":false},"author":12,"featured_media":30,"parent":0,"menu_order":0,"comment_status":"closed","ping_status":"closed","template":"","meta":{"_acf_changed":false,"_monsterinsights_skip_tracking":false,"_monsterinsights_sitenote_active":false,"_monsterinsights_sitenote_note":"","_monsterinsights_sitenote_category":0,"footnotes":""},"class_list":["post-16","page","type-page","status-publish","has-post-thumbnail","czr-hentry"],"acf":[],"yoast_head":"<!-- This site is optimized with the Yoast SEO plugin v26.6 - https:\/\/yoast.com\/wordpress\/plugins\/seo\/ -->\n<title>Conhe\u00e7a o Cephas - CEPHAS<\/title>\n<meta name=\"robots\" content=\"index, follow, max-snippet:-1, max-image-preview:large, max-video-preview:-1\" \/>\n<link rel=\"canonical\" href=\"https:\/\/cephas.org.br\/index.php\/16-2\/\" \/>\n<meta property=\"og:locale\" content=\"pt_BR\" \/>\n<meta property=\"og:type\" content=\"article\" \/>\n<meta property=\"og:title\" content=\"Conhe\u00e7a o Cephas - CEPHAS\" \/>\n<meta property=\"og:description\" content=\"O CEPHAS \u2013 Col\u00e9gio de Educa\u00e7\u00e3o Profissional H\u00e9lio Augusto \u00e9 uma institui\u00e7\u00e3o educacional implantada em S\u00e3o Jos\u00e9 dos Campos, a partir de conv\u00eanio entre os governos federal e municipal atrav\u00e9s do PROEP\/MEC (Programa de Expans\u00e3o da Educa\u00e7\u00e3o Profissional do Minist\u00e9rio da Educa\u00e7\u00e3o). Mantido pela Prefeitura Municipal atrav\u00e9s da FUNDHAS \u2013 Funda\u00e7\u00e3o H\u00e9lio Augusto de Souza, [&hellip;]\" \/>\n<meta property=\"og:url\" content=\"https:\/\/cephas.org.br\/index.php\/16-2\/\" \/>\n<meta property=\"og:site_name\" content=\"CEPHAS\" \/>\n<meta property=\"article:modified_time\" content=\"2024-10-29T13:00:58+00:00\" \/>\n<meta property=\"og:image\" content=\"http:\/\/cephas.org.br\/wp-content\/uploads\/2017\/10\/cephas.jpg\" \/>\n\t<meta property=\"og:image:width\" content=\"270\" \/>\n\t<meta property=\"og:image:height\" content=\"250\" \/>\n\t<meta property=\"og:image:type\" content=\"image\/jpeg\" \/>\n<meta name=\"twitter:card\" content=\"summary_large_image\" \/>\n<meta name=\"twitter:label1\" content=\"Est. tempo de leitura\" \/>\n\t<meta name=\"twitter:data1\" content=\"4 minutos\" \/>\n<script type=\"application\/ld+json\" class=\"yoast-schema-graph\">{\"@context\":\"https:\/\/schema.org\",\"@graph\":[{\"@type\":\"WebPage\",\"@id\":\"https:\/\/cephas.org.br\/index.php\/16-2\/\",\"url\":\"https:\/\/cephas.org.br\/index.php\/16-2\/\",\"name\":\"Conhe\u00e7a o Cephas - CEPHAS\",\"isPartOf\":{\"@id\":\"https:\/\/cephas.org.br\/#website\"},\"primaryImageOfPage\":{\"@id\":\"https:\/\/cephas.org.br\/index.php\/16-2\/#primaryimage\"},\"image\":{\"@id\":\"https:\/\/cephas.org.br\/index.php\/16-2\/#primaryimage\"},\"thumbnailUrl\":\"https:\/\/cephas.org.br\/wp-content\/uploads\/2017\/10\/cephas.jpg\",\"datePublished\":\"2017-10-19T17:43:10+00:00\",\"dateModified\":\"2024-10-29T13:00:58+00:00\",\"breadcrumb\":{\"@id\":\"https:\/\/cephas.org.br\/index.php\/16-2\/#breadcrumb\"},\"inLanguage\":\"pt-BR\",\"potentialAction\":[{\"@type\":\"ReadAction\",\"target\":[\"https:\/\/cephas.org.br\/index.php\/16-2\/\"]}]},{\"@type\":\"ImageObject\",\"inLanguage\":\"pt-BR\",\"@id\":\"https:\/\/cephas.org.br\/index.php\/16-2\/#primaryimage\",\"url\":\"https:\/\/cephas.org.br\/wp-content\/uploads\/2017\/10\/cephas.jpg\",\"contentUrl\":\"https:\/\/cephas.org.br\/wp-content\/uploads\/2017\/10\/cephas.jpg\",\"width\":270,\"height\":250},{\"@type\":\"BreadcrumbList\",\"@id\":\"https:\/\/cephas.org.br\/index.php\/16-2\/#breadcrumb\",\"itemListElement\":[{\"@type\":\"ListItem\",\"position\":1,\"name\":\"In\u00edcio\",\"item\":\"https:\/\/cephas.org.br\/\"},{\"@type\":\"ListItem\",\"position\":2,\"name\":\"Conhe\u00e7a o Cephas\"}]},{\"@type\":\"WebSite\",\"@id\":\"https:\/\/cephas.org.br\/#website\",\"url\":\"https:\/\/cephas.org.br\/\",\"name\":\"CEPHAS\",\"description\":\"\",\"publisher\":{\"@id\":\"https:\/\/cephas.org.br\/#organization\"},\"potentialAction\":[{\"@type\":\"SearchAction\",\"target\":{\"@type\":\"EntryPoint\",\"urlTemplate\":\"https:\/\/cephas.org.br\/?s={search_term_string}\"},\"query-input\":{\"@type\":\"PropertyValueSpecification\",\"valueRequired\":true,\"valueName\":\"search_term_string\"}}],\"inLanguage\":\"pt-BR\"},{\"@type\":\"Organization\",\"@id\":\"https:\/\/cephas.org.br\/#organization\",\"name\":\"CEPHAS\",\"url\":\"https:\/\/cephas.org.br\/\",\"logo\":{\"@type\":\"ImageObject\",\"inLanguage\":\"pt-BR\",\"@id\":\"https:\/\/cephas.org.br\/#\/schema\/logo\/image\/\",\"url\":\"https:\/\/cephas.org.br\/wp-content\/uploads\/2023\/10\/cropped-Assinaturas_CephasFundhas_Pref_Novo-10_Cor-small.png\",\"contentUrl\":\"https:\/\/cephas.org.br\/wp-content\/uploads\/2023\/10\/cropped-Assinaturas_CephasFundhas_Pref_Novo-10_Cor-small.png\",\"width\":812,\"height\":90,\"caption\":\"CEPHAS\"},\"image\":{\"@id\":\"https:\/\/cephas.org.br\/#\/schema\/logo\/image\/\"}}]}<\/script>\n<!-- \/ Yoast SEO plugin. -->","yoast_head_json":{"title":"Conhe\u00e7a o Cephas - CEPHAS","robots":{"index":"index","follow":"follow","max-snippet":"max-snippet:-1","max-image-preview":"max-image-preview:large","max-video-preview":"max-video-preview:-1"},"canonical":"https:\/\/cephas.org.br\/index.php\/16-2\/","og_locale":"pt_BR","og_type":"article","og_title":"Conhe\u00e7a o Cephas - CEPHAS","og_description":"O CEPHAS \u2013 Col\u00e9gio de Educa\u00e7\u00e3o Profissional H\u00e9lio Augusto \u00e9 uma institui\u00e7\u00e3o educacional implantada em S\u00e3o Jos\u00e9 dos Campos, a partir de conv\u00eanio entre os governos federal e municipal atrav\u00e9s do PROEP\/MEC (Programa de Expans\u00e3o da Educa\u00e7\u00e3o Profissional do Minist\u00e9rio da Educa\u00e7\u00e3o). Mantido pela Prefeitura Municipal atrav\u00e9s da FUNDHAS \u2013 Funda\u00e7\u00e3o H\u00e9lio Augusto de Souza, [&hellip;]","og_url":"https:\/\/cephas.org.br\/index.php\/16-2\/","og_site_name":"CEPHAS","article_modified_time":"2024-10-29T13:00:58+00:00","og_image":[{"width":270,"height":250,"url":"http:\/\/cephas.org.br\/wp-content\/uploads\/2017\/10\/cephas.jpg","type":"image\/jpeg"}],"twitter_card":"summary_large_image","twitter_misc":{"Est. tempo de leitura":"4 minutos"},"schema":{"@context":"https:\/\/schema.org","@graph":[{"@type":"WebPage","@id":"https:\/\/cephas.org.br\/index.php\/16-2\/","url":"https:\/\/cephas.org.br\/index.php\/16-2\/","name":"Conhe\u00e7a o Cephas - CEPHAS","isPartOf":{"@id":"https:\/\/cephas.org.br\/#website"},"primaryImageOfPage":{"@id":"https:\/\/cephas.org.br\/index.php\/16-2\/#primaryimage"},"image":{"@id":"https:\/\/cephas.org.br\/index.php\/16-2\/#primaryimage"},"thumbnailUrl":"https:\/\/cephas.org.br\/wp-content\/uploads\/2017\/10\/cephas.jpg","datePublished":"2017-10-19T17:43:10+00:00","dateModified":"2024-10-29T13:00:58+00:00","breadcrumb":{"@id":"https:\/\/cephas.org.br\/index.php\/16-2\/#breadcrumb"},"inLanguage":"pt-BR","potentialAction":[{"@type":"ReadAction","target":["https:\/\/cephas.org.br\/index.php\/16-2\/"]}]},{"@type":"ImageObject","inLanguage":"pt-BR","@id":"https:\/\/cephas.org.br\/index.php\/16-2\/#primaryimage","url":"https:\/\/cephas.org.br\/wp-content\/uploads\/2017\/10\/cephas.jpg","contentUrl":"https:\/\/cephas.org.br\/wp-content\/uploads\/2017\/10\/cephas.jpg","width":270,"height":250},{"@type":"BreadcrumbList","@id":"https:\/\/cephas.org.br\/index.php\/16-2\/#breadcrumb","itemListElement":[{"@type":"ListItem","position":1,"name":"In\u00edcio","item":"https:\/\/cephas.org.br\/"},{"@type":"ListItem","position":2,"name":"Conhe\u00e7a o Cephas"}]},{"@type":"WebSite","@id":"https:\/\/cephas.org.br\/#website","url":"https:\/\/cephas.org.br\/","name":"CEPHAS","description":"","publisher":{"@id":"https:\/\/cephas.org.br\/#organization"},"potentialAction":[{"@type":"SearchAction","target":{"@type":"EntryPoint","urlTemplate":"https:\/\/cephas.org.br\/?s={search_term_string}"},"query-input":{"@type":"PropertyValueSpecification","valueRequired":true,"valueName":"search_term_string"}}],"inLanguage":"pt-BR"},{"@type":"Organization","@id":"https:\/\/cephas.org.br\/#organization","name":"CEPHAS","url":"https:\/\/cephas.org.br\/","logo":{"@type":"ImageObject","inLanguage":"pt-BR","@id":"https:\/\/cephas.org.br\/#\/schema\/logo\/image\/","url":"https:\/\/cephas.org.br\/wp-content\/uploads\/2023\/10\/cropped-Assinaturas_CephasFundhas_Pref_Novo-10_Cor-small.png","contentUrl":"https:\/\/cephas.org.br\/wp-content\/uploads\/2023\/10\/cropped-Assinaturas_CephasFundhas_Pref_Novo-10_Cor-small.png","width":812,"height":90,"caption":"CEPHAS"},"image":{"@id":"https:\/\/cephas.org.br\/#\/schema\/logo\/image\/"}}]}},"_links":{"self":[{"href":"https:\/\/cephas.org.br\/index.php\/wp-json\/wp\/v2\/pages\/16","targetHints":{"allow":["GET"]}}],"collection":[{"href":"https:\/\/cephas.org.br\/index.php\/wp-json\/wp\/v2\/pages"}],"about":[{"href":"https:\/\/cephas.org.br\/index.php\/wp-json\/wp\/v2\/types\/page"}],"author":[{"embeddable":true,"href":"https:\/\/cephas.org.br\/index.php\/wp-json\/wp\/v2\/users\/12"}],"replies":[{"embeddable":true,"href":"https:\/\/cephas.org.br\/index.php\/wp-json\/wp\/v2\/comments?post=16"}],"version-history":[{"count":48,"href":"https:\/\/cephas.org.br\/index.php\/wp-json\/wp\/v2\/pages\/16\/revisions"}],"predecessor-version":[{"id":4667,"href":"https:\/\/cephas.org.br\/index.php\/wp-json\/wp\/v2\/pages\/16\/revisions\/4667"}],"wp:featuredmedia":[{"embeddable":true,"href":"https:\/\/cephas.org.br\/index.php\/wp-json\/wp\/v2\/media\/30"}],"wp:attachment":[{"href":"https:\/\/cephas.org.br\/index.php\/wp-json\/wp\/v2\/media?parent=16"}],"curies":[{"name":"wp","href":"https:\/\/api.w.org\/{rel}","templated":true}]}}